25 - -4) + 9.
-1
What is (2 - -76) + (1 - -9 - (30 + 7 - 17))?
68
What is the value of (12 - -5) + -25 - (2 + -1 + -12 + -7)?
10
Calculate -12 + -42 + 38 + 51.
35
Evaluate (3 - (-14 + 13)) + 32 + -25.
11
What is the value of -67 - ((-154 - -166) + (4 - 4))?
-79
What is -1 + (2 - ((-2 - (-6 + -27)) + -10 + -11))?
-9
Calculate -140 + (29 - (-39 + 0 - -27)).
-99
Calculate -2 + -45 + (-4 - -1) - (-38 - (41 + -87)).
-58
(-150 + 300 - 205) + 0 + 28
-27
Calculate -92 - (-48 + (95 - 130)).
-9
2 - (0 + -69 + (-25 - -14) + 14)
68
Evaluate 343 + -339 - (-7 + 4 + 11).
-4
What is 15 + -113 + 45 + 78?
25
Calculate -13 + 18 + 10 - (-16 + -7 + 155).
-117
What is the value of 11 - (-8 + 15 - (69 + -85))?
-12
What is -8 + 14 + -11 + 16 - -7 - 54?
-36
What is the value of 0 + 2 - (19 + -10) - -7?
0
What is the value of -1832 - -1844 - (15 + (0 - 1)) - -46?
44
4 + (-26 + 26 - -30 - 40)
-6
Calculate -13 - (2 + -5 + -38 - (42 - (85 + -53))).
38
What is -45 + 6 + 53 + -39?
-25
Evaluate 6 - (-11 + -13 + 14 - -8) - 8.
0
Calculate -15 + -14 + (142 - 32) - 4.
77
Calculate 14 + (-114 + 97 - -7).
4
-13 + (-1 - -1) + 1 + (-55 - (453 + -526))
6
What is the value of -29 + 24 + 35 - 24 - -38?
44
What is 5 + 27 + 13 + -21 + -13 + 31?
42
What is 1 + -232 - (-1896 + 1797)?
-132
Calculate (47 - 12) + -38 - 38.
-41
Evaluate 7 + 120 + -1 + 26 + -47 + 7.
112
What is (1 - 30) + -9 + 3 + -34?
-69
What is the value of (-1 - (14 + (3 - 12 - 24))) + (-4 - 9)?
5
What is -2 + (52 - 21) + -46 - 1?
-18
Calculate -44 - 18 - (-73 - -24).
-13
What is the value of (65 - 58) + -23 - (-1 + 4 + -5 + 4)?
-18
What is the value of 13 + -6 + 6 + -12 + (8 - -15)?
24
What is 18 + (44 - 18 - (17 - -17))?
10
2 - 28 - (878 - 865)
-39
What is (8 - -1 - (43 - 31)) + -14 + -3 - -8?
-12
What is -1265 + 1257 + -24 + -2?
-34
What is the value of -66 - (-26 - -10 - -27 - ((6 - 3) + 6))?
-68
Evaluate 0 + -8 + (0 - 0) + 149367 + -149256.
103
What is the value of -26 - (5 + (1 - 10) + -58 + 72)?
-36
What is 10 + -3 - ((-12 - 36) + 58) - (1 + 60)?
-64
What is the value of (-6 - -71 - 99) + -92?
-126
(-57 + 108 - 61) + -87 + 2
-95
Evaluate 18 - (-38 + 65) - (6 - 13).
-2
Evaluate 3 + 3 - (8 + 7 - 34).
25
What is the value of 30 + -62 + 24 + 23 + 2?
17
What is (28 + -9 - 2) + (-68 - (11 - 6))?
-56
What is 16 + (36 + -30 - 76 - -32)?
-22
What is the value of -5 + -17 + 19 + -8 + 102?
91
(45 - -12) + -9 - (60 - 62)
50
Evaluate 25 - (82 - -12) - -47.
-22
86 - (-676 - -726 - (-2 + 24))
58
What is 12 + (-14 - (-19 + 15)) + -21 + -1 + 3?
-17
(-72 - (59 + -143)) + 1 + 1 - (6 - -63)
-55
(91 + (-66 - 7) - (17 + 0)) + 0 + 8
9
Calculate (-48 - (22 + -29) - -47) + 1 + 50.
57
What is the value of (-61 - 6 - 4) + (8 - (2 - 8 - -16))?
-73
What is the value of 1 - 11 - (235 - 243)?
-2
Evaluate 23 + -21 + 7 + 4 + (-25 - 29).
-41
What is -7 - (1 - (-3 - 86) - (-685 - -696))?
-86
Evaluate 5 - (33 + (-22 - 1)) - -101.
96
What is the value of 1 + 1 + -2 + -9 - (2866 + -2850)?
-25
What is -74 - (39 + -14 - 25)?
-74
What is the value of -43 + 0 + -3541 + 3652?
68
What is -48 + 60 + -27 - 55?
-70
3 + 31 + -5 - (2 + -3 - 0)
30
What is -1 + 1 + (25 + (41 - 10) - 25)?
31
Evaluate 11 + 17 + -17 - 11 - (1 + 1).
-2
Evaluate -11 + 166 - (-8 - -12 - -15).
136
-2 + -1 + 8 + 0 - (57 - 50 - -10)
-12
What is (6 - (0 + 16) - -52) + (1 - (-4 - -3))?
44
What is 52 + -35 - -9 - (2 + 9)?
15
What is -7 - (12 - -69 - 150)?
62
Calculate 9 - (29 + -18) - (7 + -1 + 22 + -17).
-13
What is -16 - -1 - (114 + -48)?
-81
What is (-1 - -3 - 18) + -2397 + 2415?
2
Evaluate -7 + -42 - (-7 + 0 - (12 - (29 + -9))).
-50
What is the value of (2 - (12 + 1 + 0)) + -41280 + 41329?
38
Calculate 41 - -8 - ((-22 - -8) + 9 + -7 + 1).
60
Calculate -88 - -4 - (-334 - -295) - 12.
-57
What is -11 - (-21 + -16 - -141)?
-115
What is 74 - (-19 - -65 - -72)?
-44
24 + 3 - (-10 + -11 + 21 + -13)
40
Calculate 3 + -63 - (-2028 - -1895).
73
Evaluate -29 + -5 + (9 - -2) + 9 + -5.
-19
What is the value of (-8 - -44) + (-253 - -204)?
-13
Calculate -23 - (32 + 3 + -58) - (1 + -18).
17
Evaluate -12 - (-1 + -1) - (-6 - (0 + -5) - 50).
41
Evaluate 22 + 224 + -219 + (-141 - 0).
-114
Calculate -8 + -1 + (-5 + 18 - 5) + -13 + 1.
-13
(0 - 32) + (262 - 200) + (-3 - -1)
28
What is the value of (2520 - 2532 - (2 + -2 + -14)) + (2 - 1)?
3
What is -10 - (60 - (23 - (32 - 32)))?
-47
Evaluate (-51 - (-51 - 3)) + 88 + -4.
87
What is the value of 2 - (-13 - (21 - (52 + -22)))?
6
What is 4 + (-3 + 5 + -3 - -19) + -32 + 26?
16
Evaluate 18 + -28 + -16 + -73 + (3 - -15).
-81
Calculate 16 - (-11 + 18 - -15) - -24.
18
What is the value of (-1 - -16 - 3) + -55 - (-9 + 8)?
-42
-32 - -1 - (166 - 355 - -128)
30
-3 - (19 - 8 - 7 - -40 - 6)
-41
-73 + (-10 - -49) - -23 - -65
54
What is (282 + -189 - 123) + (-1 - -108)?
77
What is -2335 + 2332 + (76 + -4 - -5)?
74
What is -51 - (4 + 18 + -7 + -16 + -13)?
-37
What is the value of 51 + -8 + (-26 - -16)?
33
Calculate 4 + -12 - (34 + -33 + 70).
-79
What is the value of 2 + -41 - (35 + -17 + (-13 - 4))?
-40
What is -86 + 73 + -1 + 234 + -277?
-57
-70 + (-22 - -115) + 10
33
What is 146 - (43 + (-55 - -92))?
66
6 + 363 + -365 + -17 + (0 - 1 - -5)
-9
((9 - -3) + -8 - -4) + (45 - (-5 - 0))
58
Calculate 88 + -3 + (243 - 422).
-94
-17 - (-69 + 45 + -7 + 18)
-4
Calculate 138 + -130 + -3 + -3 + 37.
39
What is the value of -11 + (-2 - (-2 - 151)) + 121 + -196 + 70?
135
Evaluate -60 - ((91 - 41 - 33) + -18 + 2).
-61
Calculate (2476 - 2369) + -6 + -43.
58
Evaluate 35 + (-1 - -5) + -13 + (3 - -9) - 10.
28
(17 - (15 + 22) - -26) + 29 + 1
36
-49 - (-39 + 35 + -3)
-42
Calculate 74 + 0 - (-71 - (-32 + -47)).
66
Calculate 4150 + -4178 + (-1 - -17).
-12
Evaluate -34 + 107 + 13 + -103.
-17
What is the value of 817 - 819 - (33 - 2)?
-33
What is 71 + 13 + 3 + 0 + 5 + -19 - 8?
65
What is ((-9 - 10) + -11 + 23 - -5) + (0 - 25)?
-27
158 - 127 - (-4 + 23) - (-43 + 0)
55
Evaluate (-17216 - -17236) + (2 - (0 + 0)).
22
Evaluate 14 + -9 - -60 - (527 - 547).
85
Calculate (0 - -1 - (7 + -4 - 7)) + 0 + 39.
44
Evaluate -3 - 6 - (-61 + 1 - (-86 - -91) - -9).
47
(6 - (7 - -1) - (17 + -8)) + -2
-13
What is (21 - (22 - -48)) + -4 - (2 + 1)?
-56
What is -3 + (-17 - (-7 + -10)) - (35 + 1) - 9?
-48
What is the value of 14 + -4 + (8 - 43)?
-25
Calculate (0 - -9) + (23 - ((2 - -18) + -15) - 11).
16
What is 9 + (151 + -110 - -22)?
72
Evaluate 46 - (-68 - -120) - (2 + 1 - (1 + 60)).
52
-48 - -24 - -31 - (57 - 5)
-45
What is (51 - 43 - (0 + -3 + (-2 - -9))) + -58?
-54
What is the value of 41 - (30 - -2 - (-171 + 190))?
28
(-85 + 67 - (18 + -96)) + -1 + -1
58
Calculate (5 - 38 - (98 - 125)) + 18.
12
-40 + 14 + 27 - 14
-13
(-12 - -22) + 192 + -23 + -49
130
Evaluate 3 - 5 - 65 - ((-2 - 8) + 7) - -8.
-56
(-1 + -8 - -2) + 12 + 16 + 34
55
Calculate -58 + (6 - -1 - -11) + -9.
-49
What is the value of -48 + (-11 - -17) + 12 + 6?
-24
Calculate (-64 - ((-15 - -11) + 37)) + -40.
-137
What is 35 - 27 - (-2 + 5 + (9 - -57 - 9))?
-52
What is 0 + 3 + -36 + 22 + -7 + -45?
-63
26 + -88 + 55 - 39
-46
Calculate 50 + (-42 - 44 - -51).
15
Evaluate -1 - 96 - (14 - 42 - -27 - 27 - -22).
-91
Calculate 11 + ((8 - 12) + (-1 - -16) - 7).
15
Evaluate 12 - ((-8 - 2) + (0 + -11 - (34 - 67))).
0
Evaluate -33 + 30 - (-71 - -100).
-32
Evaluate -28 + 0 + (402 - 375).
-1
What is the value of -536 + 517 + (24 - 0) - (21 - (2 + 1))?
-13
56 - ((-17 + -7 - -18) + 16)
46
Evaluate -1 + 28 + -14 + -58 + -23.
-68
Evaluate 1 - -2 - (106 - 24 - 28).
-51
What is the value of -86 + (112 - (59 - 17))?
-16
-1 - (-5 - (11 + -17 + 10 + 3 + -3))
8
What is the value of -4 - ((-11 - -6) + -6 - (-2 - 6) - -21)?
-22
What is the value of (-1 + 2 - (-25 + 32) - (4 + -5)) + 7?
2
What is 66 + -38 - 39 - (20 + -1)?
-30
-1 + 7 - (-76 + 85) - 5 - -70
62
Calculate 0 - 48 - (106 - 97 - ((-1 - 4) + 18)).
-44
-5 + (-1 + 3 - 27 - (11 - (15 - 4)))
-30
Evaluate -83 + 114 + -13 + -37.
-19
What is -8 - (46 - 27 - -3)?
-30
What is the value of -27 + 2 + (-12 - -1) + 8 + 13?
-15
Evaluate -5 - (2 + -3) - ((-36 - -11) + 76) - -11.
-44
13 - (14 + -47 - (7 - (15 + -9 - -12)))
35
Calculate -14 + (11 - (9 + -52)) + -21.
19
What is the value of (-15 - -3) + -17 + 198 + -119?
50
Evaluate -27 + 15 - -38 - (0 + 27).
-1
What is the value of (5956 - 5849) + (-1 - 55) + -11 + 0 + 1?
41
Evaluate (40 - 4) + (-10 -